 4*w(h). Calculate y(6).
-1
Let m(g) be the first derivative of -g**4/4 - g**3 - g**2 - 2*g + 4. Let b be m(-2). Let c(w) = -1 - 2*w**2 + 5 - 5 + w - 3*w. Determine c(b).
-5
Let v(s) = s**2 - 5*s + 4. Let i(d) = -d**3 - 5*d**2 + 2*d + 16. Let f be i(-5). Determine v(f).
10
Let a = 47 + -44. Let m(w) = 5*w**2 - 4*w + a - 2*w + 1782*w**3 - 1783*w**3. Give m(4).
-5
Suppose -w = 4*f - 20, -3*f - 11 = -5*w - 3. Let i(g) = 7 + f - 3*g + g. Suppose z - 35 = -4*s, -4*s = -5*z - 0 - 17. Determine i(s).
-5
Let s(t) = 11*t - 36. Let l(q) = 5*q - 19. Let z(u) = 7*l(u) - 4*s(u). Calculate z(2).
-7
Let o(g) = 17*g**2 - 2*g - 1. Let q be o(-1). Let n be (-38)/6 - q/(-54). Let d(h) = -h**3 - 5*h**2 + 8*h + 8. Give d(n).
-4
Let w(b) be the third derivative of b**6/360 - b**5/40 + b**4/8 + 43*b**3/6 + 34*b**2. Let u(v) be the first derivative of w(v). Calculate u(2).
1
Let u(n) = -4*n - 3. Let s(l) = 19*l + 23. Let m(h) = s(h) + 5*u(h). What is m(4)?
4
Let j be (-2 + 3)*(5 - 2). Let d(l) = -8*l**2 + j + 18*l**2 + 5*l - 16*l**2 + l**3. What is d(4)?
-9
Let a = 21 + -18. Let b(i) = 329*i - a - 166*i - 166*i. Determine b(4).
-15
Suppose -19*y = -12*y - 42. Let z(t) = t**2 - 9*t - 14*t + 14*t + 8 + 0*t**2. What is z(y)?
-10
Let h(f) = 12*f**2 - 44*f + 27. Let w be h(3). Let l(b) be the second derivative of 0 + 4*b - 1/2*b**2 - 2/3*b**4 + 1/3*b**w. Give l(1).
-7
Let x(r) = r. Let d be ((-52)/12 + 4)/((-1)/(-15)). What is x(d)?
-5
Let h(l) = -13*l**2 - 5*l + 1. Let u(s) = -29*s**2 - 9*s + 3. Let d(n) = 9*h(n) - 4*u(n). Suppose -2*t - 21 = -3. Determine d(t).
-3
Let t(m) = 5*m**2 - 2*m - 1. Let s be (-2)/(-3)*(51 + -6)/(-3). Let q = 7 - 16. Let c = s - q. Give t(c).
6
Let a be (1 - 2)*(4 - -21). Let b = -22 - a. Let n(u) = -b + 6 + 4*u - 2. Give n(-1).
-3
Let j(r) = -r**2 + 5*r + 2. Suppose 5*c + k = 3*k, 4*c + 4*k = -28. Suppose -w - 4 + 3 = 0. Let m be (-1 + w)*(0 + c). What is j(m)?
6
Let o(x) be the second derivative of 0 - 1/4*x**4 - x + 1/2*x**3 - 1/2*x**2 + 1/20*x**5. Calculate o(3).
8
Let v(x) be the third derivative of -x**5/20 + 19*x**4/24 - 2*x**3 + 8*x**2. Let l(u) = -5*u**2 + 29*u - 18. Let n(w) = -5*l(w) + 8*v(w). What is n(-9)?
12
Suppose 12*z = 10*z - 4. Let l(t) be the first derivative of 2*t**3/3 + 2*t**2 + 3*t - 11. Let i be l(z). Let r(d) = 3*d - 2. Calculate r(i).
7
Let h(u) = -u + 3. Suppose -7 - 21 = -2*y. Let x = 16 - y. Suppose -x*b + 5*b + g = 13, 0 = 5*b - 2*g - 18. Determine h(b).
-1
Let n(o) = -2*o + 8. Suppose -18 = 3*r - 0. Let b be (12 + 0)*(-9)/r. Suppose 4*c - b = 6. Determine n(c).
-4
Let c(p) = p + 1. Let y(h) = -3*h. Let r(v) = c(v) + y(v). Suppose 1 - 7 = 3*a. Let x be 7 + (a + 8)/(-3). Determine r(x).
-9
Suppose 5*t + 12 = -2*i, -2*i + i + 5*t = -9. Let n = -2 + i. Let h(l) = -l**2 - 2*l - 1. Calculate h(n).
-4
Let t be (-41)/(-4) - 5/20. Let w(o) = o**3 - 11*o**2 + 9*o + 2. Calculate w(t).
-8
Let s(d) = 2*d + 4. Let q(a) = 1. Let n(y) = 3*q(y) - s(y). Suppose f - 3*t - 1 = -16, -f - 11 = -2*t. Let x be (0 - f - 0)/(-1). Determine n(x).
5
Let u(v) = -2 - v**3 + 3*v + 8 - v**2 + 12 - 14. Let z(a) = -a + 6. Let o be z(9). What is u(o)?
13
Suppose -4*a = -11 + 3. Let r(o) = -21*o**2 - 28*o**2 - 26*o**2 + 74*o**2. Give r(a).
-4
Let t(s) = 0*s + 2*s**3 - s + 1 - 14 + s**2 - 3*s**3. Calculate t(0).
-13
Let i(x) = -x**2 - 3*x - 4. Suppose -3*v - 5*f = 15 - 55, 0 = 2*v - 2*f - 16. Suppose 210 = -10*l - 4*l. Let p = v + l. Calculate i(p).
-14
Suppose 48 = -2*c + 8. Let j(y) = 28*y. Let v(n) = 4*n. Let m(s) = c*v(s) + 3*j(s). What is m(-3)?
-12
Let z(q) = -11*q + 7. Let i(s) = 7 + 3*s - 7*s - 2 - 3. Let t(d) = 8*i(d) - 3*z(d). Give t(4).
-1
Let x(d) = d**2 - 13*d + 33. Let t be x(5). Let j(z) = z**3 + 6*z**2 - 5*z + 12. Calculate j(t).
-2
Let c = 35 + -39. Let x(v) = v**2 + 4*v + 1. Let f(l) = l + 1. Let n(u) = -5*f(u) + x(u). Calculate n(c).
16
Let m = 15 + -13. Let r(y) = 3*y**2 - y - 2. Give r(m).
8
Let j be (9/(-6))/(2/(-4)). Let m(n) be the third derivative of n**4/24 + n**3/6 + n**2 + 18. Determine m(j).
4
Let r(y) be the first derivative of y**4/4 + 5*y**3/3 + 2*y - 3. Let u be 19/(570/(-225))*(-2)/(-3). Give r(u).
2
Suppose 4*t + 2*n - 28 = 0, -t - 4*n + 20 = 6. Suppose -5 = t*u + 19. Let a(c) = 4*c + 7. Let h(s) = -3*s - 6. Let p(m) = 2*a(m) + 3*h(m). What is p(u)?
0
Let b = -316 - -323. Let x(u) = -u**2 + 4*u + 14. Give x(b).
-7
Let q be 5*(-1)/3*3. Let j(f) = 23*f**3 + 5*f**2 + 5*f - 5. Let z(x) = -196*x**3 - 42*x**2 - 42*x + 42. Let k(m) = q*z(m) - 42*j(m). What is k(-1)?
-14
Let i = 0 - 4. Let t be 1/i*-4*2. Let y(c) = c**2 - t*c**2 - 4*c + c**3 + 5*c**2. Calculate y(-5).
-5
Suppose 0 = 4*k - 16, 3*k + 0*k - 17 = -5*l. Let j(r) = 1 - 3 - l - r. Let x = 208 + -205. What is j(x)?
-6
Let m(s) be the first derivative of s**4/4 - 7*s**3/3 + s**2/2 - s - 3. Let h(j) = -j + 23. Let y(d) = d**2 - 2*d + 1. Let g be y(5). Let b be h(g). Give m(b).
6
Let w(b) = -22*b**2 + 3. Let c(y) = -43*y**2 + y + 7. Suppose -2*o = 5*t - 1, -3*o - 3*t - 3 = -0. Let h(d) = o*c(d) + 5*w(d). Determine h(1).
-25
Let g(c) = -c**3 - 3*c**2 + 1. Suppose -13 - 3 = -4*v. Let i be ((-4)/8)/((-2)/4). Let h be (v/12)/(i/(-3)). Give g(h).
-1
Let i(r) = -2*r - 42. Let f = 2237 - 2255. Give i(f).
-6
Let u(j) = -j**2 + 2*j + 1. Let l be u(2). Let r(z) = -25*z**2. Determine r(l).
-25
Let t(s) = -4*s**3 + 2*s**2 - 2*s + 1. Let g(j) = -2*j**2 - j + 5. Let o be g(0). Suppose 6*i + o = 11*i. What is t(i)?
-3
Let y(i) = 6*i + 5 - 1 + 7 - 10. What is y(1)?
7
Let y(p) be the second derivative of p**7/2520 + p**6/240 + 5*p**4/3 + 14*p. Let g(b) be the third derivative of y(b). Give g(-2).
-2
Suppose -7*y + 2*b = -9*y - 6, -3*y + b - 5 = 0. Let m(p) = -7*p**2 + 3 + 2*p + 2*p + 2*p**3 + 3*p**2 + 5*p**2. Calculate m(y).
-17
Suppose m - 6*m = -15. Let w(s) = -5*s + 2 + s**3 - m + 0*s**2 + 3*s**2. Suppose 4*u - 2*b + 17 = 7, -4*u = -b + 13. Give w(u).
3
Let n(a) = 3*a**2 + 9*a + 5. Let x(c) = -2*c**2 - 8*c - 4. Let y(g) = 3*n(g) + 4*x(g). Let m(i) = -17*i + 174. Let b be m(10). Give y(b).
-5
Let d(v) = -4*v + 23. Let f = -301 - -308. Give d(f).
-5
Suppose -5*d + 1 = -2*g, 2*d - 19 + 7 = -5*g. Let w(v) = v**2 - 8*v + 8. Let i(k) = -1. Let l(t) = d*w(t) + 3*i(t). Calculate l(6).
-7
Let d(k) = -k**3 - k**2 - k - 2. Let m(n) = n**3 + 4*n**2 + 2*n - 3. Let y(f) = 3*f - 7. Let q be y(5). Suppose 3*x - 15 = q*x. Let g be m(x). Calculate d(g).
-2
Let y(s) be the second derivative of -2*s**3/3 + 878*s. Give y(3).
-12
Suppose 3*i + 6 = 0, 3*o + i - 42 = -o. Let x = -12 + o. Let p be 1/(0 - -1) + x. Let l(c) = -c + 12. Give l(p).
12
Let n(y) = 3*y + 45. Let h be n(-16). Let m(i) = 3*i**2 - 3*i - 3. Determine m(h).
33
Let x(j) = -j**2 + 9*j - 2. Suppose k + 2*k - 21 = 0. Let a be x(k). Let h(g) = a*g - g + g**2 - 8*g + 2. Determine h(-2).
0
Let f = 303 - 305. Let n(x) = 2*x**2 - x. Give n(f).
10
Let v(j) be the second derivative of -j + 0 - j**2 - 1/3*j**3. Suppose -4*l + 2*f - 14 = 0, -3*l - f + 48 - 51 = 0. Calculate v(l).
2
Let j be (-1)/(-1)*-1 - 3. Let h = j - -4. Let p(k) = -15*k + 22*k - 6*k - 2. Give p(h).
-2
Let l(n) be the first derivative of 2*n**2 - n + 107. Give l(-3).
-13
Suppose -8*v + 146 + 134 = 0. Let h(i) = i - 1. Let q be h(6). Suppose 0*y + v = q*y. Let r(a) = a - 8. Give r(y).
-1
Let f(t) be the third derivative of -t**4/12 + 11*t**3/6 - 6*t**2. Let k be f(6). Let q(b) = 17*b**2 - 1. What is q(k)?
16
Let u(n) = -n**2 - 2*n + 29. Let c be u(-6). Suppose -7 = -2*g - c. Let s(i) = -5*i - 2*i - i + 1. What is s(g)?
-7
Let l(d) = -d**2 + 8*d - 4. Suppose 33 = 5*p - 5*r - 22, -5*p + 31 = 3*r. Let x be l(p). Let c(s) = -s**2 - 2*s + 5. Determine c(x).
-3
Suppose -w - 1 = -9. Let x(n) = 2*n + 3 - n + n**2 + w*n. Let m = -10 - -6. Give x(m).
-17
Let c(j) be the third derivative of -j**5/40 + j**4/8 + j**3/2 - 24*j**2. Let u(x) be the first derivative of c(x). Give u(3).
-6
Let g = 17 + -13. Suppose 0 = g*d - 3*d - 3. Let n be (15/10)/(d/4). Let l(z) = z - 1. Determine l(n).
1
Let r(y) = y**2 + 3*y - 12. Let x be r(-4). Let f be (-50)/x + 14/(-56). Let c(j) = -3*j + 6. Calculate c(f).
-12
Let d(r) = 3 + 8 + 0*r - r + r**3. Suppose -5*s = 4*u, 4*s + 5*u = 8*u. What is d(s)?
11
Let f(j) = j**2 + 9 - j**3 - 2*j + 20*j**2 - 15*j**2. Determine f(6).
-3
Let o(q) = -q**3 - 4*q**2 + 